*q - 25, r*q = g + 15*q - 14. What is the remainder when 28 is divided by g?
4
Let o = 1243 - 1270. Let d be 2/(-4) + (-801)/(-6). Calculate the remainder when 50 is divided by d/5 - o/(-45).
24
Let o = 808 - 723. Let s = 342 - o. What is the remainder when s is divided by 43?
42
Suppose -6 = -d + 12. Suppose 4*w - 1080 = 3*i, -54*i + 59*i = -40. What is the remainder when w is divided by d?
12
Let i(d) = -d**3 - 3*d**2 + 5. Let q = 26 + -29. Let a be i(q). Suppose -a*r + 591 = 241. Calculate the remainder when r is divided by 18.
16
Suppose 4*f + 440 = 14*f. Let r = f + -21. Suppose x = 2*x - r. Calculate the remainder when 45 is divided by x.
22
What is the remainder when (-2 - -1)/(-6 + (-47698)/(-7952)) is divided by 58?
46
Let g = -151 - -151. Suppose -o - 1 = -z + 2, 3*z + 3*o - 33 = g. What is the remainder when 27 is divided by z?
6
Suppose -16*s = 2*s - 21*s + 210. What is the remainder when s is divided by 56?
14
Suppose 5*b + 5442 = n, -175*b - 16251 = -3*n - 185*b. What is the remainder when n is divided by 30?
27
Let j be ((-7)/(-5) - (-8 + 8))*35. Suppose 0 = -7*l - j + 91. What is the remainder when 39 is divided by l?
3
Let k be 816 - (2 + 13)/5. Let f = -418 + k. Calculate the remainder when f is divided by 44.
43
Let s = -18816 - -18830. Let c = 716 - 494. Calculate the remainder when c is divided by s.
12
Let z(q) = q**2 - 8*q - 6. Let n be z(9). Let b be ((-3)/(-9))/(17/7140). Suppose 0 = n*y - 109 - b. What is the remainder when y is divided by 42?
41
Suppose 2*m - 2*y - 8 = 0, 0 = -5*m + 3*y + 12 + 2. Suppose 3*w - 7 = 2*w. Let q = m + w. Calculate the remainder when 21 is divided by q.
5
Suppose 82*f = 23*f + 11753 + 814. What is the remainder when f is divided by 50?
13
Let g(w) = w**3 + 6*w**2 - 5*w - 2. Let m be g(-7). Let n = 18 + m. Suppose -j + 25 = h - 3*j, -n*j = 2*h - 62. Calculate the remainder when h is divided by 15.
14
Let h = 136 - 132. Suppose 0 = -3*z - 2*w + 75, -z - 4*w = -h*z + 57. What is the remainder when 320 is divided by z?
21
Let i(w) = 8*w**2 + 7*w - 3. Let x be i(2). Let b = -42 + x. Calculate the remainder when 39 is divided by (1/(-6))/(b/4)*-30.
19
Let g be ((4 - 7)/3)/(2/12). Let n be 138 - (g/2 - (-3)/1). Suppose 15*b - 12*b - n = 0. Calculate the remainder when 135 is divided by b.
43
Suppose -101*t + 270 = -71*t. What is the remainder when 70 is divided by t?
7
What is the remainder when 275 is divided by (-6)/14*-1 + 3156/84?
9
Let s(t) = t**2 + 9*t - 3. Let r(p) = p - 3. Let m = -2 + -5. Let j be r(m). Calculate the remainder when 10 is divided by s(j).
3
Suppose 29*u = 571 + 2477 + 519. What is the remainder when 245 is divided by u?
122
Let o be 2/8*(-12 + 16)*16. Suppose 5*g - o*u + 13*u = 97, -3*g + 59 = -u. What is the remainder when 30 is divided by g?
10
Let o(c) = -c**3 + 17*c**2 + 14*c + 13. Let k be o(13). Let x = -811 + k. What is the remainder when x is divided by 16?
12
Let v(s) = s**3 - 31*s**2 + 28*s + 62. Let f = 31 + -27. Let b = -2 + f. What is the remainder when v(30) is divided by b?
0
Suppose 3399*t + 20 = 3400*t. Calculate the remainder when 4299 is divided by t.
19
Let c(d) = 2*d + 45. Suppose 3*i + 2 + 46 = -4*t, -3*t + 27 = -3*i. Let o(f) = -f**2 - 11*f + 17. What is the remainder when c(-11) is divided by o(i)?
3
Let m = 116 + -111. Let a(i) = 4*i**2 - 9*i + 9. What is the remainder when a(m) is divided by 34?
30
Suppose 0 = -25*a + 19*a + 12. Suppose a*x + 4*k - 56 + 14 = 0, x - 27 = -5*k. Calculate the remainder when 132 is divided by x.
13
Let c(i) = -14*i - 98. Let a(h) = -43*h - 293. Let y(p) = 2*a(p) - 7*c(p). What is the remainder when 21 is divided by y(-8)?
1
Let w(f) = -4*f**3 - 165*f**2 - 1178*f - 15. What is the remainder when w(-7) is divided by 39?
36
Suppose -n + 5*n - 2216 = 0. Let d = n + -249. Calculate the remainder when d is divided by 51.
50
Suppose 6*d - 12*d - 1980 = -21*d. Calculate the remainder when 393 is divided by d.
129
Suppose 0 = 2*k + 24 - 338. Let x(p) = p**3 + p**2 - 6*p + 14. Let g = -74 + 77. Calculate the remainder when k is divided by x(g).
29
Let r(k) = 1841*k - 8412. Calculate the remainder when r(6) is divided by 51.
33
Suppose -2*t + 97 = 61. Calculate the remainder when 52 is divided by t.
16
Let t = -45 - -197. Calculate the remainder when t is divided by 12.
8
Suppose -18*x - 6*x + 600 = 0. Calculate the remainder when 263 is divided by x.
13
Suppose -g + 3*m = -0*g - 47, -5*m = -5. Let v = 496 + -440. Calculate the remainder when v is divided by g.
6
Let v(a) = a**3 - 26*a**2 - 85*a + 22. Calculate the remainder when 1679 is divided by v(29).
79
Suppose 34*l - 5694 = -36*l - 1494. What is the remainder when l is divided by 15?
0
Let r(c) = 2*c + 5. Suppose 4*a = 3*j - 6*j + 85, -4*a = -2*j + 50. Let s = j + 39. What is the remainder when s is divided by r(6)?
15
Suppose -15*j + 24*j - 1280 = -7*j. Calculate the remainder when 247 is divided by j.
7
Suppose 3833 + 3384 = 72*g + 2177. What is the remainder when 415 is divided by g?
65
Calculate the remainder when (2 - -4) + 6/(-2)*(-349)/3 is divided by 26.
17
Let r(m) = 81*m**2 + 6*m - 9. Let a be r(2). Suppose 5*x - 4*v - a = 0, -3*x + 4*v - 303 = -8*x. Calculate the remainder when x is divided by 18.
9
Suppose -o + 2*v = -1 + 6, 5*v = o + 20. Suppose q - 42 = k - 4*k, 0 = -o*q + 15. Calculate the remainder when (8/4 + -4)*-38 is divided by k.
11
Let t = 10 - 20. Let g(s) = 16*s**3 - 240*s**2 + 16*s - 238. What is the remainder when (4/t)/(1/(-40)) is divided by g(15)?
0
Let s = -10220 - -10307. Calculate the remainder when 128 is divided by s.
41
Suppose -19*r = -14*r - 2218 - 22. What is the remainder when r is divided by 32?
0
Let f = -4115 - -4141. Let t(a) = -a**3 + 10*a**2 - 10*a + 2. Let c be t(9). Calculate the remainder when f is divided by (5 - 2) + (0 - c).
6
Suppose 3*a - 24 = 18. Suppose 5*k + 4 + 28 = -3*t, 0 = -5*k + 3*t - 8. Calculate the remainder when a is divided by (k - 0/2)*(-6 + 5).
2
Suppose -4*i + 90 = -2*n, 3*i - 29 = n + 18. Let o = n + 36. Let u = 6 - o. Calculate the remainder when 39 is divided by u.
6
Let h = -4303 + 6427. What is the remainder when h is divided by 703?
15
Suppose 37*d - 664 = 41*d. Let m = 206 + d. What is the remainder when m is divided by 15?
10
Suppose -5*n = -p - 75, 2*p + 13 + 9 = 2*n. Calculate the remainder when 75 is divided by n.
11
Let v(c) = c**3 + c**2 + 308. Let k be v(0). Let s = 480 - k. What is the remainder when s is divided by 35?
32
Let n(l) = 2*l + 4*l**2 + 0*l + l - 3*l**2. What is the remainder when (-90)/21 + (-2)/(-7) + 56 is divided by n(3)?
16
Calculate the remainder when (146/(-4))/(382/(-764)) is divided by 60.
13
Suppose -4*v + 22 - 6 = 0. Calculate the remainder when 60 is divided by v + 10 + -1 + -4 + 2.
5
What is the remainder when ((-5864)/(-14))/(0 + 68/238) is divided by 41?
31
Calculate the remainder when 2739 is divided by ((-39)/(-13))/(2/62) - 0 - -5.
93
Let y = 208 - 114. Let w = 611 - y. Calculate the remainder when w is divided by 37.
36
Let y = -53 + 152. Suppose -166 = -5*k + 2*s + 199, 5*k + 4*s - 335 = 0. What is the remainder when k is divided by 2497/y + 2/(-9)?
21
Let p = 25 + -23. What is the remainder when (7 - 20)/(-13)*(14 - 1) is divided by p?
1
Calculate the remainder when (-1)/(-7) + (-736208)/(-658) is divided by 17.
14
Suppose 66926 + 28727 = 642*n + 12835. What is the remainder when n is divided by -2*(-2)/3*18?
9
Let i(o) be the second derivative of o**5/20 + o**4/3 - 7*o**3/6 - 9*o**2 - 159*o - 2. Let s = 2 + 32. What is the remainder when s is divided by i(-3)?
10
Let z(i) = -i - 3. Let o(t) = 5*t - 112. Let k(j) = -o(j) + 2*z(j). What is the remainder when k(6) is divided by 17?
13
Let n be (-1 - 345)*(-5 - 33/(-6)). Let i = n - -260. Calculate the remainder when i is divided by 22.
21
Let b(x) = -x**2 - 5*x + 748. Calculate the remainder when 6056 is divided by b(-26).
198
Let s be 1*(-6)/15 + (-656)/10. Let v = s - -69. Let q = v - 2. Calculate the remainder when 1 is divided by q.
0
Let u = -4552 + 4743. What is the remainder when u is divided by 22?
15
Let v = 250 - 123. Suppose 4*l = 255 - v. What is the remainder when 95 is divided by l?
31
Suppose -123*j - 8 = -125*j, 5*v - 10*j - 160 = 0. What is the remainder when 5037 is divided by v?
37
Le